+ 13*d + 10. Let k be n(-11). Suppose 2 = 5*j - 3*j. Calculate the remainder when (k + j)*(11 - 12) is divided by 3.
2
Suppose -50*d = -51*d + 19. Suppose 9 = -a + 4*a. Suppose -3*l + 3*b + 31 = -8, 5*l - a*b = 59. What is the remainder when d is divided by l?
9
Let g(x) = -x. Let l be g(5). Let u = l + 9. Suppose 0*c - 36 = -u*c. Calculate the remainder when 15 is divided by c.
6
Let c(u) = -21*u - 5. Let a be c(2). What is the remainder when 1 - (a + (1 - -1)) is divided by 16?
14
Let g(n) = n**2 - 7*n + 8. Let o be g(6). Suppose -2*i + o*r = -40, 0 = -5*i + 2*r + 2*r + 96. What is the remainder when 62 is divided by i?
14
Calculate the remainder when 98 is divided by -2*(-1 - 1) - -14.
8
Let u = -33 - -107. Calculate the remainder when 141 is divided by u.
67
Let l = 221 + -193. What is the remainder when l is divided by 19?
9
Let t(o) = -o**3 + 9*o**2 - 5*o + 4. Suppose -70*a + 67*a = -24. Let s = -71 - -125. What is the remainder when s is divided by t(a)?
26
Let q be (-6 + 46/6)/((-10)/(-12)). Suppose q*h = -6*h + 616. Calculate the remainder when h is divided by 16.
13
Suppose 0 = -5*n + 3*a + 70, -5*n - 5*a - 1 = -71. Suppose -9*i + 158 = -76. What is the remainder when i is divided by n?
12
Let t be 1/1*0/(-1). Suppose t = -y + 2 - 1. Calculate the remainder when 23 is divided by -3*y - (-12 - -3).
5
Let n = -23 - -34. Let o = -7 + n. Suppose o*y - 6 = 5*j, -5*y + 14 = 2*j - 5*j. Calculate the remainder when y is divided by 2.
0
Suppose -5*z = 3*j - 278, j + j = 4*z - 240. Calculate the remainder when z is divided by 10.
8
Calculate the remainder when 90 is divided by 114/7 - (-2)/(-7) - -1.
5
Let j be ((-26)/(-3))/((-4)/(-6)). Let z = j - -15. Suppose -31*s + z*s = -222. What is the remainder when s is divided by 25?
24
Let o be 0/2 + 0 + 102. Let l = -57 + o. Let g = -487 + 503. Calculate the remainder when l is divided by g.
13
Let d = -3 - -10. Suppose 34 - 118 = -4*s. Suppose -4*o + 32 = 4*b, 2*o = 5*b - 6*b + s. What is the remainder when o is divided by d?
6
Let k(u) = 30*u**2 + u. Let v(c) = -98*c**3 - 2*c**2 - 2*c + 3. Let o be v(1). Let d = -89 - o. What is the remainder when k(-1) is divided by d?
9
Suppose 2*v - 8 = 0, 2*v + 7 + 6 = 3*y. What is the remainder when 9 is divided by y?
2
Suppose 0 = 5*a - 3*a + 3*g - 42, g - 92 = -5*a. What is the remainder when (6/(-8))/(2/(-184)) is divided by a?
15
Suppose -702 = 3*a + 10*a. What is the remainder when ((4 - 5) + a)*-2 is divided by 7?
5
Let x = 422 + -400. Suppose -3*u + 23 = -13. What is the remainder when x is divided by u?
10
Suppose 22*u - 760 = 3*u. What is the remainder when 278 is divided by u?
38
Calculate the remainder when 55 + -3 + 2 + 0 is divided by (3/2)/(-3)*(-13 - 9).
10
Suppose 22 = -4*u - 46. Let n = 339 + -304. Let w = n + u. What is the remainder when 69 is divided by w?
15
Suppose 0 = -2*s - 3*b + 87, 2*s + 8 - 116 = 4*b. What is the remainder when s is divided by (-1)/(-1)*-2 + 31/(279/135)?
9
Suppose -6 - 4 = -5*u. Let l(f) = 8*f**2 + 1. What is the remainder when l(u) is divided by 2/(-9) - (-166)/18?
6
Let a = -114 - -242. What is the remainder when a is divided by 44?
40
Suppose 93 = w + 4*x, 4*w - 8*w + 462 = -2*x. Suppose 0 = -117*l + w*l + 240. Calculate the remainder when 238 is divided by l.
58
Let c be (0/(-2) + 0)/((-2)/(-1)). Suppose -3*a = a + 4*x - 108, a - 3*x - 11 = c. Calculate the remainder when 42 is divided by a.
19
Let l = -175 - -57. Let v be l/(-6) - (-1)/3. Let q = v - -2. Calculate the remainder when 64 is divided by q.
20
Suppose w + 133 = -4*f + 4*w, 0 = -5*f - 5*w - 175. Let v = 41 + f. What is the remainder when 25 is divided by v?
4
Let z = 39 - 24. Suppose z + 9 = 2*w. What is the remainder when -21*(0 + (-1)/1) is divided by w?
9
Let u(p) = -p**3 + 7*p**2 - 2*p + 8. Suppose -5*m + 42 = 7. Let y be u(m). Calculate the remainder when 22 is divided by y/2*(6 - 8).
4
Suppose 2*n + 4*b = 3*n + 8, 0 = 2*b - 6. Let k be ((-63)/6)/((-18)/48). Suppose 2*y + k = n*y. Calculate the remainder when 68 is divided by y.
12
Suppose l - 3*l = q - 442, l - 207 = -4*q. Suppose 3*x - l = 2. Let v = -45 + 83. Calculate the remainder when x is divided by v.
37
Suppose -4*t = -3*m + 37, -t = -5*m + 17 + 39. What is the remainder when (-1 + (136/(-24))/(-17))*-96 is divided by m?
9
Let n = 34 - 24. Suppose r = 5*r - 232. Suppose a - r = -a. Calculate the remainder when a is divided by n.
9
Let u(c) = -4*c**2 + 7*c - 5. Let t be u(-3). Let z = 151 + t. What is the remainder when z is divided by 15?
14
Let z(r) = 49*r**2 + r + 1. Suppose 5*h + 14 = p, 0 = 2*p + 3*h - 0*h + 11. Let v be z(p). Suppose -3*m - 7 = -v. What is the remainder when 25 is divided by m?
11
Let p(v) = 3*v - 8. Let l be p(-13). Let w = l - -48. What is the remainder when 2 is divided by w?
0
Let j(f) = -9*f + 11. Let z be j(-19). Suppose -9*w + z = -7. What is the remainder when 40 is divided by w?
19
Let x = -659 - -1535. What is the remainder when x/(-30)*10/(-2) + 3 is divided by 38?
35
Let i = 180 - 20. Let x = i + -90. Calculate the remainder when x is divided by 37.
33
Let p = 75 + -75. Suppose p = 2*g + 38 - 56. What is the remainder when 13 is divided by g?
4
Let t(m) = 2*m**2 - 8. Let u = 34 + -37. Let y be 8 + 1 + u + -1. Calculate the remainder when t(y) is divided by 15.
12
What is the remainder when 13 - -3*6/9 is divided by (-3)/((-10)/(-15) + 17/(-12))?
3
Suppose -2*d + 1 = 3*h - 33, 4*d = 2*h - 12. Suppose -3*p - h = -8*p. Suppose 0 = -o + y + 4 - 0, -3*o = y. Calculate the remainder when p is divided by o.
0
Let h(l) = -2*l + 91. Calculate the remainder when h(-40) is divided by 44.
39
What is the remainder when (58 - 0)/((-105)/(-525)) is divided by 58?
0
Calculate the remainder when 58 is divided by (-144)/(-66)*33/6.
10
Let p = -86 + 196. Suppose 2*o - 44 - 2 = 0. Calculate the remainder when p is divided by o.
18
Let y(c) = 3*c**3 + 19*c**2 + 3*c - 2. Calculate the remainder when 24 is divided by y(-6).
8
Let d be (63/28)/(3/(-8)). Let c(o) = -o**3 - o**2 + 4*o + 3. What is the remainder when (d/(-1))/((-6)/(-33)) is divided by c(-3)?
6
Let p = -17 + 19. Suppose 0*x + 192 = 3*x. What is the remainder when x is divided by (2/p)/(2/44)?
20
Let p(k) = 9*k. Let f(m) = -5*m - m**3 + 0*m**2 - 3*m**2 + 5 - 2*m**2 - m**2. Let g be f(-5). What is the remainder when p(g) is divided by 24?
21
Suppose -4*w + 31 = 11. Suppose 0 = -4*u + n + 531, -2 = 3*n - w*n. What is the remainder when u is divided by 34?
31
What is the remainder when (3/2)/(9/276) is divided by 33?
13
Let r(k) = -458*k**3 - 2*k - 2. What is the remainder when r(-1) is divided by 77?
73
Suppose -3*k - 15*k + 1224 = 0. Calculate the remainder when k is divided by 44.
24
Suppose 0 = 2*q - 274 - 452. Calculate the remainder when q is divided by 61.
58
Let m be -16*(-8 + (-8 - -4)). Suppose -5*g - m = -13*g. What is the remainder when 69 is divided by g?
21
Suppose -70 = 6*d - 7*d - 3*q, 4*d - 355 = 3*q. Calculate the remainder when d is divided by 23.
16
Suppose 4*p - 4 = -3*o, -2*o + 3*o = 4*p + 12. Suppose 5*r - 1 = o*r - n, n = -2*r + 2. What is the remainder when 4 is divided by r?
0
Let r(i) = 2*i**3 - 2*i**2 + 4. Let u be r(0). Suppose -3*d = -u*s + 440, -330 = -3*s - 2*d + d. Calculate the remainder when s is divided by 38.
34
Let c(p) = 64*p - 55. Let g be c(7). Suppose -r = -5*m + g, 5*m + 3*r - 2*r - 387 = 0. Calculate the remainder when m is divided by 24.
6
Suppose 5*f = 20, -13*f + 15*f = -3*o + 803. Calculate the remainder when o is divided by 31.
17
Suppose 0 = 6*r - 7*r + 2. Suppose -r*i - 36 = -62. What is the remainder when 21 is divided by i?
8
Let b be -14 + (-3 - (-7 + 5)). Let r(k) = k**3 + 16*k**2 + 18*k + 62. Calculate the remainder when 31 is divided by r(b).
14
Calculate the remainder when 17/(-4)*22*(-3 - -1) is divided by 28.
19
Suppose -146*p = -143*p - 621. What is the remainder when p is divided by 14?
11
Suppose 0 = 3*o - 4*x - 2691, -1794 = 19*o - 21*o + 3*x. Calculate the remainder when o is divided by 25.
22
Suppose 47*h - 45*h = 112. Calculate the remainder when 165 is divided by ((-63)/28)/((-3)/h).
39
Let b(l) = l**3 + 6*l**2 + 4*l - 7. Let t be b(-4). What is the remainder when 21 is divided by -3*(6/t + -2)?
1
Suppose 3*t - 4*t = -12. What is the remainder